f 1887?
False
Is 8 a factor of 1696?
True
Does 37 divide 9842?
True
Does 16 divide 432?
True
Is 782 a multiple of 3?
False
Is 425 a multiple of 24?
False
Is 38 a factor of 3952?
True
Is 2992 a multiple of 88?
True
Is 45 a factor of 1350?
True
Does 9 divide 15?
False
Is 825 a multiple of 25?
True
Is 3885 a multiple of 122?
False
Does 75 divide 262?
False
Is 14 a factor of 8148?
True
Is 1184 a multiple of 48?
False
Does 7 divide 14582?
False
Is 34529 a multiple of 55?
False
Does 32 divide 1014?
False
Is 19971 a multiple of 8?
False
Does 5 divide 2351?
False
Is 3214 a multiple of 32?
False
Does 69 divide 2495?
False
Is 25155 a multiple of 314?
False
Does 40 divide 52129?
False
Is 46123 a multiple of 222?
False
Does 3 divide 148?
False
Is 1550 a multiple of 5?
True
Is 37 a factor of 1024?
False
Is 22 a multiple of 11?
True
Does 37 divide 877?
False
Is 20 a factor of 23202?
False
Is 35 a factor of 2398?
False
Is 114949 a multiple of 83?
False
Is 225 a multiple of 45?
True
Is 489 a multiple of 38?
False
Is 11558 a multiple of 19?
False
Does 239 divide 38864?
False
Is 5 a factor of 163?
False
Is 12 a factor of 4343?
False
Is 41 a multiple of 2?
False
Is 19 a factor of 29800?
False
Does 16 divide 5808?
True
Is 7947 a multiple of 5?
False
Is 15804 a multiple of 6?
True
Is 6 a factor of 739?
False
Is 11 a factor of 16027?
True
Is 4332 a multiple of 6?
True
Is 21957 a multiple of 189?
False
Is 15 a factor of 1140?
True
Is 1323 a multiple of 19?
False
Is 8447 a multiple of 35?
False
Is 99 a multiple of 9?
True
Is 2054 a multiple of 13?
True
Is 497 a multiple of 9?
False
Does 13 divide 3848?
True
Is 1680 a multiple of 35?
True
Is 4320 a multiple of 48?
True
Does 63 divide 15529?
False
Does 2 divide 86?
True
Does 40 divide 29250?
False
Does 3 divide 129?
True
Does 41 divide 14719?
True
Is 104 a factor of 1077?
False
Is 23920 a multiple of 13?
True
Is 7 a factor of 28301?
True
Is 59 a multiple of 4?
False
Is 11164 a multiple of 78?
False
Is 68145 a multiple of 231?
True
Does 219 divide 62035?
False
Is 18 a factor of 528?
False
Is 36 a factor of 3384?
True
Does 6 divide 1637?
False
Is 116 a factor of 45718?
False
Is 13 a factor of 22041?
False
Is 3540 a multiple of 12?
True
Does 55 divide 66440?
True
Is 369 a multiple of 94?
False
Is 46620 a multiple of 126?
True
Does 50 divide 1650?
True
Is 32 a factor of 64?
True
Is 4862 a multiple of 13?
True
Is 25 a factor of 50?
True
Is 57 a factor of 9462?
True
Is 22 a factor of 2288?
True
Is 100 a factor of 788?
False
Is 11 a factor of 7810?
True
Is 1464 a multiple of 12?
True
Is 36 a factor of 23986?
False
Is 24 a factor of 351?
False
Is 1343 a multiple of 37?
False
Is 3370 a multiple of 20?
False
Is 9 a factor of 81?
True
Is 14 a factor of 3712?
False
Is 8 a factor of 408?
True
Is 30 a factor of 14820?
True
Is 825 a multiple of 75?
True
Is 286 a multiple of 22?
True
Is 3575 a multiple of 143?
True
Is 65 a factor of 3705?
True
Does 38 divide 3230?
True
Does 15 divide 6990?
True
Does 13 divide 416?
True
Does 31 divide 54764?
False
Is 17 a factor of 1469?
False
Is 570 a multiple of 10?
True
Is 11858 a multiple of 14?
True
Does 11 divide 4255?
False
Is 5 a factor of 1485?
True
Is 76 a factor of 7372?
True
Is 25 a factor of 308?
False
Is 63 a factor of 4347?
True
Is 177 even?
False
Is 55 a factor of 22055?
True
Does 11 divide 231?
True
Is 23 a factor of 299?
True
Is 17 a factor of 993?
False
Does 23 divide 18931?
False
Is 21 a factor of 34836?
False
Does 11 divide 22?
True
Is 30116 a multiple of 17?
False
Is 65 a factor of 195?
True
Does 10 divide 790?
True
Is 38 a factor of 15689?
False
Does 9 divide 239?
False
Is 7594 a multiple of 8?
False
Is 58410 a multiple of 11?
True
Is 2854 a multiple of 34?
False
Is 17381 a multiple of 9?
False
Is 58 a factor of 998?
False
Does 8 divide 245?
False
Is 98 a factor of 32601?
False
Is 71734 a multiple of 13?
True
Is 4680 a multiple of 65?
True
Is 68508 a multiple of 346?
True
Is 3 a factor of 138?
True
Is 1702 a multiple of 37?
True
Is 9 a factor of 562?
False
Is 9 a factor of 36?
True
Is 9689 a multiple of 169?
False
Is 29080 a multiple of 34?
False
Does 65 divide 20411?
False
Is 763 a multiple of 15?
False
Is 22050 a multiple of 23?
False
Does 12 divide 6761?
False
Is 40 a factor of 200?
True
Is 6837 a multiple of 43?
True
Does 10 divide 173?
False
Does 8 divide 12952?
True
Does 19 divide 7767?
False
Does 77 divide 3850?
True
Is 61 a factor of 233?
False
Is 13936 a multiple of 179?
False
Is 16 a factor of 1310?
False
Does 13 divide 16120?
True
Does 17 divide 255?
True
Does 71 divide 1633?
True
Is 5172 a multiple of 49?
False
Is 1357 a multiple of 59?
True
Is 935 a multiple of 4?
False
Is 94 a factor of 168?
False
Does 7 divide 52?
False
Does 119 divide 1428?
True
Is 6 a factor of 888?
True
Is 30 a factor of 6750?
True
Is 15 a factor of 4042?
False
Is 28 a factor of 72621?
False
Is 252 a multiple of 21?
True
Is 27 a factor of 1188?
True
Does 7 divide 8937?
False
Is 604 a multiple of 14?
False
Is 270 a multiple of 15?
True
Is 2831 a multiple of 18?
False
Does 77 divide 1081?
False
Is 12 a factor of 19240?
False
Is 21 a factor of 1198?
False
Is 6 a factor of 7?
False
Is 12521 a multiple of 252?
False
Is 2067 a multiple of 13?
True
Does 16 divide 81328?
True
Is 2277 a multiple of 11?
True
Does 66 divide 1746?
False
Is 495 a multiple of 48?
False
Is 19042 a multiple of 57?
False
Does 17 divide 2448?
True
Is 17164 a multiple of 51?
False
Is 6 a factor of 58?
False
Is 368 a multiple of 16?
True
Is 52 a factor of 8684?
True
Is 624 a multiple of 12?
True
Is 8642 a multiple of 59?
False
Is 16 a factor of 12784?
True
Does 4 divide 245?
False
Does 59 divide 8320?
False
Does 18 divide 615?
False
Does 53 divide 14257?
True
Is 892 a multiple of 20?
False
Does 2 divide 75?
False
Is 2 a factor of 450?
True
Does 13 divide 222?
False
Is 3 a factor of 163?
False
Does 136 divide 408?
True
Does 27 divide 3388?
False
Is 90 a multiple of 6?
True
Does 13 divide 62089?
False
Is 81860 a multiple of 19?
False
Is 47 a factor of 21502?
False
Is 2812 a multiple of 37?
True
Is 116 a factor of 12150?
False
Does 105 divide 525?
True
Does 34 divide 318?
False
Does 15 divide 4590?
True
Is 176 a factor of 91705?
False
Does 48 divide 1504?
False
Is 5 a factor of 855?
True
Is 80262 a multiple of 39?
True
Is 2 a factor of 20485?
False
Does 4 divide 328?
True
Is 56 a multiple of 14?
True
Does 5 divide 3605?
True
Is 12 a factor of 109464?
True
Is 12378 a multiple of 29?
False
Does 12 divide 8988?
True
Is 147 a multiple of 7?
True
Is 2322 a multiple of 86?
True
Is 26 a factor of 3133?
False
Does 98 divide 5586?
True
Does 10 divide 8163?
False
Is 10 a factor of 89032?
False
Is 11 a factor of 1088?
False
Does 181 divide 147877?
True
Does 36 divide 128?
False
Does 146 divide 9302?
False
Is 18864 a multiple of 24?
True
Is 15 a factor of 7339?
False
Is 24 a factor of 38135?
False
Is 2595 a multiple of 23?
False
Does 2 divide 2010?
True
Does 18 divide 2341?
False
Is 1314 a multiple of 13?
False
Is 88 a factor of 1923?
False
Is 19 a factor of 130314?
False
Is 9 a factor of 1153?
False
Does 5 divide 30?
True
Is 21 a factor of 773?
False
Does 12 divide 29326?
False
Does 127 divide 21717?
True
Does 46 divide 32496?
False
Does 81 divide 781?
False
Is 1375 a multiple of 55?
True
Does 7 divide 35?
True
Is 413 a multiple of 9?
False
Is 468 a multiple of 18?
True
Is 11 a factor of 38093?
True
Does 21 divide 107?
False
Is 455 a multiple of 5?
True
Does 6 divide 9358?
False
Is 113997 a multiple of 13?
True
Does 9 divide 3828?
False
Is 256 a factor of 24576?
True
Is 3 a factor of 18?
True
Is 6 a factor of 221?
False
Is 9886 a multiple of 40?
False
Does 27 divide 15839?
False
Is 26 a factor of 833?
False
Is 19 a factor of 2460?
False
Is 83994 a multiple of 54?
False
Is 14 a factor of 5082?
True
Is 18521 a multiple of 31?
False
Is 12 a factor of 134050?
False
Is 10350 a multiple of 30?
True
Is 38 a factor of 2812?
True
Does 4 divide 2005?
False
Is 71 a factor of 460?
False
Does 15 divide 23624?
False
Is 19 a factor of 74346?
False
Is 21 a factor of 1239?
True
Is 15 a factor of 21750?
True
Is 3975 a multiple of 75?
True
Is 1783 a multiple of 2?
False
Does 126 divide 50061?
False
Does 76 divide 24016?
True
Does 29 divide 739?
False
Is 14 a 